{"id":96,"date":"2020-11-17T11:24:57","date_gmt":"2020-11-17T10:24:57","guid":{"rendered":"http:\/\/salonceline.fr\/?page_id=96"},"modified":"2020-11-25T18:54:30","modified_gmt":"2020-11-25T17:54:30","slug":"notre-specialite-la-coloration-vegetale","status":"publish","type":"page","link":"https:\/\/salonceline.fr\/?page_id=96","title":{"rendered":"Notre sp\u00e9cialit\u00e9 : la coloration v\u00e9g\u00e9tale"},"content":{"rendered":"\n<figure class=\"wp-block-image size-large\"><img loading=\"lazy\" width=\"1000\" height=\"279\" src=\"https:\/\/salonceline.fr\/wp-content\/uploads\/2020\/11\/coloration-ve\u0301ge\u0301tale.jpg\" alt=\"Coloration v\u00e9g\u00e9tale salon C\u00e9line Fasquelle\" class=\"wp-image-126\" srcset=\"https:\/\/salonceline.fr\/wp-content\/uploads\/2020\/11\/coloration-ve\u0301ge\u0301tale.jpg 1000w, https:\/\/salonceline.fr\/wp-content\/uploads\/2020\/11\/coloration-ve\u0301ge\u0301tale-300x84.jpg 300w, https:\/\/salonceline.fr\/wp-content\/uploads\/2020\/11\/coloration-ve\u0301ge\u0301tale-768x214.jpg 768w\" sizes=\"(max-width: 1000px) 100vw, 1000px\" \/><\/figure>\n\n\n\n<p><strong><em><span style=\"color:#81805a\" class=\"has-inline-color\">La coloration 100% V\u00e9g\u00e9tal&rsquo;Emoi est une alternative naturelle, saine et \u00e9cologique aux colorations chimiques.<\/span><\/em><\/strong><\/p>\n\n\n\n<p><em>La coloration v\u00e9g\u00e9tale \u2026 pour qui&nbsp;?<\/em><\/p>\n\n\n\n<p>La coloration 100% v\u00e9g\u00e9tale s&rsquo;adresse \u00e0 toutes les femmes et tous les hommes ! Elle s&rsquo;adresse aux personnes qui ne veulent plus ou ne supportent plus les colorations chimiques. <strong>A toutes celles et ceux qui souhaitent teindre leurs cheveux de fa\u00e7on naturelle, en respectant leur sant\u00e9 et celle de la plan\u00e8te. <\/strong>La coloration v\u00e9g\u00e9tale est adapt\u00e9e pour les femmes enceintes ou allaitantes, les personnes allergiques aux colorants chimiques, les personnes ayant subi des traitements de chimioth\u00e9rapie ou radioth\u00e9rapie et qui ne peuvent donc pas faire de coloration chimique traditionnelle.<\/p>\n\n\n\n<p>Une cure d&rsquo;argile de 5 \u00e0 6 semaines est importante avant l&rsquo;application de la coloration. Elle reconstitue la fibre capillaire, r\u00e9\u00e9quilibre le PH et enl\u00e8ve les r\u00e9sidus de la coloration chimique. Apr\u00e8s un traitement \u00e0 l&rsquo;argile, la coloration v\u00e9g\u00e9tale sera appliqu\u00e9e dans de bonnes conditions, les r\u00e9sultats seront meilleurs et plus durables.<\/p>\n\n\n\n<p>Bien \u00e9videmment, nous sommes \u00e0 votre \u00e9coute pour tous renseignements compl\u00e9mentaires.<\/p>\n\n\n\n<p><\/p>\n\n\n\n<div class=\"wp-block-image\"><figure class=\"alignright size-large\"><img loading=\"lazy\" width=\"225\" height=\"225\" src=\"https:\/\/salonceline.fr\/wp-content\/uploads\/2020\/11\/ve\u0301ge\u0301tal-e\u0301moi.png\" alt=\"\" class=\"wp-image-127\" srcset=\"https:\/\/salonceline.fr\/wp-content\/uploads\/2020\/11\/ve\u0301ge\u0301tal-e\u0301moi.png 225w, https:\/\/salonceline.fr\/wp-content\/uploads\/2020\/11\/ve\u0301ge\u0301tal-e\u0301moi-150x150.png 150w\" sizes=\"(max-width: 225px) 100vw, 225px\" \/><\/figure><\/div>\n\n\n\n<p class=\"has-text-align-center\"><em><strong><span style=\"color:#8d0404\" class=\"has-inline-color\">OFFRE DECOUVERTE<\/span><\/strong><\/em><\/p>\n\n\n\n<p class=\"has-text-align-center\"><em><strong><span style=\"color:#8d0404\" class=\"has-inline-color\">JUSQU&rsquo;AU 31 DECEMBRE 2020<\/span><\/strong><\/em><\/p>\n\n\n\n<p class=\"has-text-align-center\"><strong><em>LA CURE D&rsquo;ARGILE + SHAMPOOING BIO + BAUME DOUCEUR<\/em><\/strong><\/p>\n\n\n\n<p class=\"has-text-align-center\"><span style=\"color:#8d0404\" class=\"has-inline-color\"><strong>12\u20ac50<\/strong> AU LIEU DE 15\u20ac50<\/span><\/p>\n\n\n\n<p class=\"has-text-align-center\"><em>(cure effectu\u00e9e par nos soins au salon)<\/em><\/p>\n\n\n\n<figure class=\"wp-block-gallery columns-3 is-cropped\"><ul class=\"blocks-gallery-grid\"><li class=\"blocks-gallery-item\"><figure><img loading=\"lazy\" width=\"744\" height=\"992\" src=\"http:\/\/salonceline.fr\/wp-content\/uploads\/2020\/11\/IMG_20201023_175127_resized_20201124_100057013.jpg\" alt=\"Coloration v\u00e9g\u00e9tale blond\" data-id=\"157\" data-full-url=\"http:\/\/salonceline.fr\/wp-content\/uploads\/2020\/11\/IMG_20201023_175127_resized_20201124_100057013.jpg\" data-link=\"http:\/\/salonceline.fr\/?attachment_id=157\" class=\"wp-image-157\" srcset=\"https:\/\/salonceline.fr\/wp-content\/uploads\/2020\/11\/IMG_20201023_175127_resized_20201124_100057013.jpg 744w, https:\/\/salonceline.fr\/wp-content\/uploads\/2020\/11\/IMG_20201023_175127_resized_20201124_100057013-225x300.jpg 225w\" sizes=\"(max-width: 744px) 100vw, 744px\" \/><figcaption class=\"blocks-gallery-item__caption\">Blond avec ses reflets &#8230;<\/figcaption><\/figure><\/li><li class=\"blocks-gallery-item\"><figure><img loading=\"lazy\" width=\"744\" height=\"992\" src=\"http:\/\/salonceline.fr\/wp-content\/uploads\/2020\/11\/IMG_20200921_145138_resized_20201124_100404731.jpg\" alt=\"Coloration v\u00e9g\u00e9tale Chataigne et Abysse\" data-id=\"159\" data-full-url=\"http:\/\/salonceline.fr\/wp-content\/uploads\/2020\/11\/IMG_20200921_145138_resized_20201124_100404731.jpg\" data-link=\"http:\/\/salonceline.fr\/?attachment_id=159\" class=\"wp-image-159\" srcset=\"https:\/\/salonceline.fr\/wp-content\/uploads\/2020\/11\/IMG_20200921_145138_resized_20201124_100404731.jpg 744w, https:\/\/salonceline.fr\/wp-content\/uploads\/2020\/11\/IMG_20200921_145138_resized_20201124_100404731-225x300.jpg 225w\" sizes=\"(max-width: 744px) 100vw, 744px\" \/><figcaption class=\"blocks-gallery-item__caption\">Chataigne et Abysse &#8230; splendide<\/figcaption><\/figure><\/li><li class=\"blocks-gallery-item\"><figure><img loading=\"lazy\" width=\"744\" height=\"992\" src=\"http:\/\/salonceline.fr\/wp-content\/uploads\/2020\/11\/IMG_20200922_121817_resized_20201124_100222696.jpg\" alt=\"Coloration v\u00e9g\u00e9tale blond\" data-id=\"160\" data-full-url=\"http:\/\/salonceline.fr\/wp-content\/uploads\/2020\/11\/IMG_20200922_121817_resized_20201124_100222696.jpg\" data-link=\"http:\/\/salonceline.fr\/?attachment_id=160\" class=\"wp-image-160\" srcset=\"https:\/\/salonceline.fr\/wp-content\/uploads\/2020\/11\/IMG_20200922_121817_resized_20201124_100222696.jpg 744w, https:\/\/salonceline.fr\/wp-content\/uploads\/2020\/11\/IMG_20200922_121817_resized_20201124_100222696-225x300.jpg 225w\" sizes=\"(max-width: 744px) 100vw, 744px\" \/><figcaption class=\"blocks-gallery-item__caption\">Tr\u00e8s joli blond \/ effet m\u00each\u00e9<\/figcaption><\/figure><\/li><li class=\"blocks-gallery-item\"><figure><img loading=\"lazy\" width=\"744\" height=\"992\" src=\"http:\/\/salonceline.fr\/wp-content\/uploads\/2020\/11\/IMG_20200922_140802_resized_20201124_090533804.jpg\" alt=\"Coloration v\u00e9g\u00e9tale\" data-id=\"146\" data-full-url=\"http:\/\/salonceline.fr\/wp-content\/uploads\/2020\/11\/IMG_20200922_140802_resized_20201124_090533804.jpg\" data-link=\"http:\/\/salonceline.fr\/?attachment_id=146\" class=\"wp-image-146\" srcset=\"https:\/\/salonceline.fr\/wp-content\/uploads\/2020\/11\/IMG_20200922_140802_resized_20201124_090533804.jpg 744w, https:\/\/salonceline.fr\/wp-content\/uploads\/2020\/11\/IMG_20200922_140802_resized_20201124_090533804-225x300.jpg 225w\" sizes=\"(max-width: 744px) 100vw, 744px\" \/><figcaption class=\"blocks-gallery-item__caption\">Les magnifiques effets du Curcuma !<\/figcaption><\/figure><\/li><\/ul><\/figure>\n\n\n\n<p><\/p>\n\n\n\n<div class=\"wp-block-buttons aligncenter\">\n<div class=\"wp-block-button\"><a class=\"wp-block-button__link\" href=\"https:\/\/www.vegetalemoi.fr\/\" target=\"_blank\" rel=\"noreferrer noopener\"><em><span class=\"has-inline-color has-light-green-cyan-color\">Plus d&rsquo;infos sur le site VEGETAL&rsquo; EMOI<\/span><\/em><\/a><\/div>\n<\/div>\n\n\n\n<div class=\"wp-block-buttons aligncenter\">\n<div class=\"wp-block-button\"><a class=\"wp-block-button__link\" href=\"https:\/\/salonceline.fr\">Retour Accueil<\/a><\/div>\n<\/div>\n\n\n\n<p><\/p>\n","protected":false},"excerpt":{"rendered":"<p>La coloration 100% V\u00e9g\u00e9tal&rsquo;Emoi est une alternative naturelle, saine et \u00e9cologique aux colorations chimiques. La coloration v\u00e9g\u00e9tale \u2026 pour qui&nbsp;? La coloration 100% v\u00e9g\u00e9tale s&rsquo;adresse \u00e0 toutes les femmes et tous les hommes ! Elle s&rsquo;adresse aux personnes qui ne veulent plus ou ne supportent plus les colorations chimiques. A toutes celles et ceux qui [&hellip;]<\/p>\n","protected":false},"author":1,"featured_media":0,"parent":0,"menu_order":0,"comment_status":"closed","ping_status":"closed","template":"","meta":[],"yoast_head":"<!-- This site is optimized with the Yoast SEO plugin v15.3 - https:\/\/yoast.com\/wordpress\/plugins\/seo\/ -->\n<title>Notre sp\u00e9cialit\u00e9 : la coloration v\u00e9g\u00e9tale - Salon C\u00e9line Fasquelle<\/title>\n<meta name=\"description\" content=\"Nouveau \u00e0 Montreuil sur mer - La coloration 100% v\u00e9g\u00e9tale, sans produits chimiques, pour la beaut\u00e9 et la sant\u00e9 de vos cheveux\" \/>\n<meta name=\"robots\" content=\"index, follow, max-snippet:-1, max-image-preview:large, max-video-preview:-1\" \/>\n<link rel=\"canonical\" href=\"http:\/\/salonceline.fr\/?page_id=96\" \/>\n<meta property=\"og:locale\" content=\"fr_FR\" \/>\n<meta property=\"og:type\" content=\"article\" \/>\n<meta property=\"og:title\" content=\"Notre sp\u00e9cialit\u00e9 : la coloration v\u00e9g\u00e9tale - Salon C\u00e9line Fasquelle\" \/>\n<meta property=\"og:description\" content=\"Nouveau \u00e0 Montreuil sur mer - La coloration 100% v\u00e9g\u00e9tale, sans produits chimiques, pour la beaut\u00e9 et la sant\u00e9 de vos cheveux\" \/>\n<meta property=\"og:url\" content=\"http:\/\/salonceline.fr\/?page_id=96\" \/>\n<meta property=\"og:site_name\" content=\"Salon C\u00e9line Fasquelle\" \/>\n<meta property=\"article:modified_time\" content=\"2020-11-25T17:54:30+00:00\" \/>\n<meta property=\"og:image\" content=\"https:\/\/salonceline.fr\/wp-content\/uploads\/2020\/11\/coloration-ve\u0301ge\u0301tale.jpg\" \/>\n<meta name=\"twitter:card\" content=\"summary_large_image\" \/>\n<meta name=\"twitter:label1\" content=\"\u00c9crit par\">\n\t<meta name=\"twitter:data1\" content=\"admin5699\">\n\t<meta name=\"twitter:label2\" content=\"Dur\u00e9e de lecture est.\">\n\t<meta name=\"twitter:data2\" content=\"1 minute\">\n<script type=\"application\/ld+json\" class=\"yoast-schema-graph\">{\"@context\":\"https:\/\/schema.org\",\"@graph\":[{\"@type\":\"WebSite\",\"@id\":\"http:\/\/salonceline.fr\/#website\",\"url\":\"http:\/\/salonceline.fr\/\",\"name\":\"Salon C\\u00e9line Fasquelle\",\"description\":\"VOTRE ARTISAN COIFFEUR \/ BARBIER A MONTREUIL SUR MER\",\"potentialAction\":[{\"@type\":\"SearchAction\",\"target\":\"http:\/\/salonceline.fr\/?s={search_term_string}\",\"query-input\":\"required name=search_term_string\"}],\"inLanguage\":\"fr-FR\"},{\"@type\":\"ImageObject\",\"@id\":\"http:\/\/salonceline.fr\/?page_id=96#primaryimage\",\"inLanguage\":\"fr-FR\",\"url\":\"https:\/\/salonceline.fr\/wp-content\/uploads\/2020\/11\/coloration-ve\\u0301ge\\u0301tale.jpg\",\"width\":1000,\"height\":279,\"caption\":\"Coloration v\\u00e9g\\u00e9tale - Salon C\\u00e9line Fasquelle\"},{\"@type\":\"WebPage\",\"@id\":\"http:\/\/salonceline.fr\/?page_id=96#webpage\",\"url\":\"http:\/\/salonceline.fr\/?page_id=96\",\"name\":\"Notre sp\\u00e9cialit\\u00e9 : la coloration v\\u00e9g\\u00e9tale - Salon C\\u00e9line Fasquelle\",\"isPartOf\":{\"@id\":\"http:\/\/salonceline.fr\/#website\"},\"primaryImageOfPage\":{\"@id\":\"http:\/\/salonceline.fr\/?page_id=96#primaryimage\"},\"datePublished\":\"2020-11-17T10:24:57+00:00\",\"dateModified\":\"2020-11-25T17:54:30+00:00\",\"description\":\"Nouveau \\u00e0 Montreuil sur mer - La coloration 100% v\\u00e9g\\u00e9tale, sans produits chimiques, pour la beaut\\u00e9 et la sant\\u00e9 de vos cheveux\",\"inLanguage\":\"fr-FR\",\"potentialAction\":[{\"@type\":\"ReadAction\",\"target\":[\"http:\/\/salonceline.fr\/?page_id=96\"]}]}]}<\/script>\n<!-- \/ Yoast SEO plugin. -->","_links":{"self":[{"href":"https:\/\/salonceline.fr\/index.php?rest_route=\/wp\/v2\/pages\/96"}],"collection":[{"href":"https:\/\/salonceline.fr\/index.php?rest_route=\/wp\/v2\/pages"}],"about":[{"href":"https:\/\/salonceline.fr\/index.php?rest_route=\/wp\/v2\/types\/page"}],"author":[{"embeddable":true,"href":"https:\/\/salonceline.fr\/index.php?rest_route=\/wp\/v2\/users\/1"}],"replies":[{"embeddable":true,"href":"https:\/\/salonceline.fr\/index.php?rest_route=%2Fwp%2Fv2%2Fcomments&post=96"}],"version-history":[{"count":8,"href":"https:\/\/salonceline.fr\/index.php?rest_route=\/wp\/v2\/pages\/96\/revisions"}],"predecessor-version":[{"id":245,"href":"https:\/\/salonceline.fr\/index.php?rest_route=\/wp\/v2\/pages\/96\/revisions\/245"}],"wp:attachment":[{"href":"https:\/\/salonceline.fr\/index.php?rest_route=%2Fwp%2Fv2%2Fmedia&parent=96"}],"curies":[{"name":"wp","href":"https:\/\/api.w.org\/{rel}","templated":true}]}}

Notre spécialité : la coloration végétale

<figure class="wp-block-image size-large"><img loading="lazy" width="1000" height="279" src="https://salonceline.fr/wp-content/uploads/2020/11/coloration-végétale.jpg" alt="Coloration végétale salon Céline Fasquelle" class="wp-image-126" srcset="https://salonceline.fr/wp-content/uploads/2020/11/coloration-végétale.jpg 1000w, https://salonceline.fr/wp-content/uploads/2020/11/coloration-végétale-300x84.jpg 300w, https://salonceline.fr/wp-content/uploads/2020/11/coloration-végétale-768x214.jpg 768w" sizes="(max-width: 1000px) 100vw, 1000px" /></figure>



<p><strong><em><span style="color:#81805a" class="has-inline-color">La coloration 100% Végétal&rsquo;Emoi est une alternative naturelle, saine et écologique aux colorations chimiques.</span></em></strong></p>



<p><em>La coloration végétale … pour qui&nbsp;?</em></p>



<p>La coloration 100% végétale s&rsquo;adresse à toutes les femmes et tous les hommes ! Elle s&rsquo;adresse aux personnes qui ne veulent plus ou ne supportent plus les colorations chimiques. <strong>A toutes celles et ceux qui souhaitent teindre leurs cheveux de façon naturelle, en respectant leur santé et celle de la planète. </strong>La coloration végétale est adaptée pour les femmes enceintes ou allaitantes, les personnes allergiques aux colorants chimiques, les personnes ayant subi des traitements de chimiothérapie ou radiothérapie et qui ne peuvent donc pas faire de coloration chimique traditionnelle.</p>



<p>Une cure d&rsquo;argile de 5 à 6 semaines est importante avant l&rsquo;application de la coloration. Elle reconstitue la fibre capillaire, rééquilibre le PH et enlève les résidus de la coloration chimique. Après un traitement à l&rsquo;argile, la coloration végétale sera appliquée dans de bonnes conditions, les résultats seront meilleurs et plus durables.</p>



<p>Bien évidemment, nous sommes à votre écoute pour tous renseignements complémentaires.</p>



<p></p>



<div class="wp-block-image"><figure class="alignright size-large"><img loading="lazy" width="225" height="225" src="https://salonceline.fr/wp-content/uploads/2020/11/végétal-émoi.png" alt="" class="wp-image-127" srcset="https://salonceline.fr/wp-content/uploads/2020/11/végétal-émoi.png 225w, https://salonceline.fr/wp-content/uploads/2020/11/végétal-émoi-150x150.png 150w" sizes="(max-width: 225px) 100vw, 225px" /></figure></div>



<p class="has-text-align-center"><em><strong><span style="color:#8d0404" class="has-inline-color">OFFRE DECOUVERTE</span></strong></em></p>



<p class="has-text-align-center"><em><strong><span style="color:#8d0404" class="has-inline-color">JUSQU&rsquo;AU 31 DECEMBRE 2020</span></strong></em></p>



<p class="has-text-align-center"><strong><em>LA CURE D&rsquo;ARGILE + SHAMPOOING BIO + BAUME DOUCEUR</em></strong></p>



<p class="has-text-align-center"><span style="color:#8d0404" class="has-inline-color"><strong>12€50</strong> AU LIEU DE 15€50</span></p>



<p class="has-text-align-center"><em>(cure effectuée par nos soins au salon)</em></p>



<figure class="wp-block-gallery columns-3 is-cropped"><ul class="blocks-gallery-grid"><li class="blocks-gallery-item"><figure><img loading="lazy" width="744" height="992" src="http://salonceline.fr/wp-content/uploads/2020/11/IMG_20201023_175127_resized_20201124_100057013.jpg" alt="Coloration végétale blond" data-id="157" data-full-url="http://salonceline.fr/wp-content/uploads/2020/11/IMG_20201023_175127_resized_20201124_100057013.jpg" data-link="http://salonceline.fr/?attachment_id=157" class="wp-image-157" srcset="https://salonceline.fr/wp-content/uploads/2020/11/IMG_20201023_175127_resized_20201124_100057013.jpg 744w, https://salonceline.fr/wp-content/uploads/2020/11/IMG_20201023_175127_resized_20201124_100057013-225x300.jpg 225w" sizes="(max-width: 744px) 100vw, 744px" /><figcaption class="blocks-gallery-item__caption">Blond avec ses reflets &#8230;</figcaption></figure></li><li class="blocks-gallery-item"><figure><img loading="lazy" width="744" height="992" src="http://salonceline.fr/wp-content/uploads/2020/11/IMG_20200921_145138_resized_20201124_100404731.jpg" alt="Coloration végétale Chataigne et Abysse" data-id="159" data-full-url="http://salonceline.fr/wp-content/uploads/2020/11/IMG_20200921_145138_resized_20201124_100404731.jpg" data-link="http://salonceline.fr/?attachment_id=159" class="wp-image-159" srcset="https://salonceline.fr/wp-content/uploads/2020/11/IMG_20200921_145138_resized_20201124_100404731.jpg 744w, https://salonceline.fr/wp-content/uploads/2020/11/IMG_20200921_145138_resized_20201124_100404731-225x300.jpg 225w" sizes="(max-width: 744px) 100vw, 744px" /><figcaption class="blocks-gallery-item__caption">Chataigne et Abysse &#8230; splendide</figcaption></figure></li><li class="blocks-gallery-item"><figure><img loading="lazy" width="744" height="992" src="http://salonceline.fr/wp-content/uploads/2020/11/IMG_20200922_121817_resized_20201124_100222696.jpg" alt="Coloration végétale blond" data-id="160" data-full-url="http://salonceline.fr/wp-content/uploads/2020/11/IMG_20200922_121817_resized_20201124_100222696.jpg" data-link="http://salonceline.fr/?attachment_id=160" class="wp-image-160" srcset="https://salonceline.fr/wp-content/uploads/2020/11/IMG_20200922_121817_resized_20201124_100222696.jpg 744w, https://salonceline.fr/wp-content/uploads/2020/11/IMG_20200922_121817_resized_20201124_100222696-225x300.jpg 225w" sizes="(max-width: 744px) 100vw, 744px" /><figcaption class="blocks-gallery-item__caption">Très joli blond / effet mêché</figcaption></figure></li><li class="blocks-gallery-item"><figure><img loading="lazy" width="744" height="992" src="http://salonceline.fr/wp-content/uploads/2020/11/IMG_20200922_140802_resized_20201124_090533804.jpg" alt="Coloration végétale" data-id="146" data-full-url="http://salonceline.fr/wp-content/uploads/2020/11/IMG_20200922_140802_resized_20201124_090533804.jpg" data-link="http://salonceline.fr/?attachment_id=146" class="wp-image-146" srcset="https://salonceline.fr/wp-content/uploads/2020/11/IMG_20200922_140802_resized_20201124_090533804.jpg 744w, https://salonceline.fr/wp-content/uploads/2020/11/IMG_20200922_140802_resized_20201124_090533804-225x300.jpg 225w" sizes="(max-width: 744px) 100vw, 744px" /><figcaption class="blocks-gallery-item__caption">Les magnifiques effets du Curcuma !</figcaption></figure></li></ul></figure>



<p></p>



<div class="wp-block-buttons aligncenter">
<div class="wp-block-button"><a class="wp-block-button__link" href="https://www.vegetalemoi.fr/" target="_blank" rel="noreferrer noopener"><em><span class="has-inline-color has-light-green-cyan-color">Plus d&rsquo;infos sur le site VEGETAL&rsquo; EMOI</span></em></a></div>
</div>



<div class="wp-block-buttons aligncenter">
<div class="wp-block-button"><a class="wp-block-button__link" href="https://salonceline.fr">Retour Accueil</a></div>
</div>



<p></p>

<p>La coloration 100% Végétal&rsquo;Emoi est une alternative naturelle, saine et écologique aux colorations chimiques. La coloration végétale … pour qui&nbsp;? La coloration 100% végétale s&rsquo;adresse à toutes les femmes et tous les hommes ! Elle s&rsquo;adresse aux personnes qui ne veulent plus ou ne supportent plus les colorations chimiques. A toutes celles et ceux qui [&hellip;]</p>

<!-- This site is optimized with the Yoast SEO plugin v15.3 - https://yoast.com/wordpress/plugins/seo/ -->
<title>Notre spécialité : la coloration végétale - Salon Céline Fasquelle</title>
<meta name="description" content="Nouveau à Montreuil sur mer - La coloration 100% végétale, sans produits chimiques, pour la beauté et la santé de vos cheveux" />
<meta name="robots" content="index, follow, max-snippet:-1, max-image-preview:large, max-video-preview:-1" />
<link rel="canonical" href="http://salonceline.fr/?page_id=96" />
<meta property="og:locale" content="fr_FR" />
<meta property="og:type" content="article" />
<meta property="og:title" content="Notre spécialité : la coloration végétale - Salon Céline Fasquelle" />
<meta property="og:description" content="Nouveau à Montreuil sur mer - La coloration 100% végétale, sans produits chimiques, pour la beauté et la santé de vos cheveux" />
<meta property="og:url" content="http://salonceline.fr/?page_id=96" />
<meta property="og:site_name" content="Salon Céline Fasquelle" />
<meta property="article:modified_time" content="2020-11-25T17:54:30+00:00" />
<meta property="og:image" content="https://salonceline.fr/wp-content/uploads/2020/11/coloration-végétale.jpg" />
<meta name="twitter:card" content="summary_large_image" />
<meta name="twitter:label1" content="Écrit par">
	<meta name="twitter:data1" content="admin5699">
	<meta name="twitter:label2" content="Durée de lecture est.">
	<meta name="twitter:data2" content="1 minute">
<script type="application/ld+json" class="yoast-schema-graph">{"@context":"https://schema.org","@graph":[{"@type":"WebSite","@id":"http://salonceline.fr/#website","url":"http://salonceline.fr/","name":"Salon C\u00e9line Fasquelle","description":"VOTRE ARTISAN COIFFEUR / BARBIER A MONTREUIL SUR MER","potentialAction":[{"@type":"SearchAction","target":"http://salonceline.fr/?s={search_term_string}","query-input":"required name=search_term_string"}],"inLanguage":"fr-FR"},{"@type":"ImageObject","@id":"http://salonceline.fr/?page_id=96#primaryimage","inLanguage":"fr-FR","url":"https://salonceline.fr/wp-content/uploads/2020/11/coloration-ve\u0301ge\u0301tale.jpg","width":1000,"height":279,"caption":"Coloration v\u00e9g\u00e9tale - Salon C\u00e9line Fasquelle"},{"@type":"WebPage","@id":"http://salonceline.fr/?page_id=96#webpage","url":"http://salonceline.fr/?page_id=96","name":"Notre sp\u00e9cialit\u00e9 : la coloration v\u00e9g\u00e9tale - Salon C\u00e9line Fasquelle","isPartOf":{"@id":"http://salonceline.fr/#website"},"primaryImageOfPage":{"@id":"http://salonceline.fr/?page_id=96#primaryimage"},"datePublished":"2020-11-17T10:24:57+00:00","dateModified":"2020-11-25T17:54:30+00:00","description":"Nouveau \u00e0 Montreuil sur mer - La coloration 100% v\u00e9g\u00e9tale, sans produits chimiques, pour la beaut\u00e9 et la sant\u00e9 de vos cheveux","inLanguage":"fr-FR","potentialAction":[{"@type":"ReadAction","target":["http://salonceline.fr/?page_id=96"]}]}]}</script>
<!-- / Yoast SEO plugin. -->
