{"id":72,"date":"2020-11-17T10:41:36","date_gmt":"2020-11-17T09:41:36","guid":{"rendered":"http:\/\/salonceline.fr\/?page_id=72"},"modified":"2020-11-25T18:42:43","modified_gmt":"2020-11-25T17:42:43","slug":"prendre-rendez-vous","status":"publish","type":"page","link":"https:\/\/salonceline.fr\/?page_id=72","title":{"rendered":"Prendre RDV"},"content":{"rendered":"\n<p><strong><em><span style=\"color:#880707\" class=\"has-inline-color\">Prendre vos rendez-vous en ligne est d\u00e9sormais possible et tr\u00e8s simple !<\/span><\/em><\/strong><\/p>\n\n\n\n<p>Cliquez sur l&rsquo;image ci-dessous :<\/p>\n\n\n\n<div class=\"wp-block-image\"><figure class=\"aligncenter size-large\"><a href=\"https:\/\/app.rdvcoiffure.fr\/salonceline\/unidentified\" target=\"_blank\" rel=\"noopener noreferrer\"><img loading=\"lazy\" width=\"271\" height=\"186\" src=\"http:\/\/salonceline.fr\/wp-content\/uploads\/2020\/10\/RDV-en-ligne.jpg\" alt=\"RDV en ligne\" class=\"wp-image-39\"\/><\/a><figcaption>RDV en ligne<\/figcaption><\/figure><\/div>\n\n\n\n<p>S\u00e9lectionnez la prestation, le jour, l&rsquo;horaire (et votre coiffeuse pr\u00e9f\u00e9r\u00e9e si vous le souhaitez), et votre RDV sera valid\u00e9 d\u00e8s confirmation, que vous recevrez par retour de mail. Un rappel vous sera \u00e9galement envoy\u00e9 par mail la veille de votre RDV.<\/p>\n\n\n\n<p>En cas de soucis, vous pouvez toujours nous joindre par <strong><span class=\"has-inline-color has-vivid-red-color\">t\u00e9l\u00e9phone au 03.21.06.09.92.<\/span><\/strong><\/p>\n\n\n\n<p><\/p>\n\n\n\n<div class=\"wp-block-buttons aligncenter\">\n<div class=\"wp-block-button\"><a class=\"wp-block-button__link\" href=\"https:\/\/salonceline.fr\">Retour Accueil<\/a><\/div>\n<\/div>\n","protected":false},"excerpt":{"rendered":"<p>Prendre vos rendez-vous en ligne est d\u00e9sormais possible et tr\u00e8s simple ! Cliquez sur l&rsquo;image ci-dessous : S\u00e9lectionnez la prestation, le jour, l&rsquo;horaire (et votre coiffeuse pr\u00e9f\u00e9r\u00e9e si vous le souhaitez), et votre RDV sera valid\u00e9 d\u00e8s confirmation, que vous recevrez par retour de mail. Un rappel vous sera \u00e9galement envoy\u00e9 par mail la veille [&hellip;]<\/p>\n","protected":false},"author":2,"featured_media":0,"parent":0,"menu_order":0,"comment_status":"closed","ping_status":"closed","template":"","meta":[],"yoast_head":"<!-- This site is optimized with the Yoast SEO plugin v15.3 - https:\/\/yoast.com\/wordpress\/plugins\/seo\/ -->\n<title>Prendre RDV - Salon C\u00e9line Fasquelle<\/title>\n<meta name=\"robots\" content=\"index, follow, max-snippet:-1, max-image-preview:large, max-video-preview:-1\" \/>\n<link rel=\"canonical\" href=\"https:\/\/salonceline.fr\/?page_id=72\" \/>\n<meta property=\"og:locale\" content=\"fr_FR\" \/>\n<meta property=\"og:type\" content=\"article\" \/>\n<meta property=\"og:title\" content=\"Prendre RDV - Salon C\u00e9line Fasquelle\" \/>\n<meta property=\"og:description\" content=\"Prendre vos rendez-vous en ligne est d\u00e9sormais possible et tr\u00e8s simple ! Cliquez sur l&rsquo;image ci-dessous : S\u00e9lectionnez la prestation, le jour, l&rsquo;horaire (et votre coiffeuse pr\u00e9f\u00e9r\u00e9e si vous le souhaitez), et votre RDV sera valid\u00e9 d\u00e8s confirmation, que vous recevrez par retour de mail. Un rappel vous sera \u00e9galement envoy\u00e9 par mail la veille [&hellip;]\" \/>\n<meta property=\"og:url\" content=\"https:\/\/salonceline.fr\/?page_id=72\" \/>\n<meta property=\"og:site_name\" content=\"Salon C\u00e9line Fasquelle\" \/>\n<meta property=\"article:modified_time\" content=\"2020-11-25T17:42:43+00:00\" \/>\n<meta property=\"og:image\" content=\"http:\/\/salonceline.fr\/wp-content\/uploads\/2020\/10\/RDV-en-ligne.jpg\" \/>\n<meta name=\"twitter:card\" content=\"summary_large_image\" \/>\n<meta name=\"twitter:label1\" content=\"\u00c9crit par\">\n\t<meta name=\"twitter:data1\" content=\"Marion Vandewalle\">\n\t<meta name=\"twitter:label2\" content=\"Dur\u00e9e de lecture est.\">\n\t<meta name=\"twitter:data2\" content=\"0 minute\">\n<script type=\"application\/ld+json\" class=\"yoast-schema-graph\">{\"@context\":\"https:\/\/schema.org\",\"@graph\":[{\"@type\":\"WebSite\",\"@id\":\"http:\/\/salonceline.fr\/#website\",\"url\":\"http:\/\/salonceline.fr\/\",\"name\":\"Salon C\\u00e9line Fasquelle\",\"description\":\"VOTRE ARTISAN COIFFEUR \/ BARBIER A MONTREUIL SUR MER\",\"potentialAction\":[{\"@type\":\"SearchAction\",\"target\":\"http:\/\/salonceline.fr\/?s={search_term_string}\",\"query-input\":\"required name=search_term_string\"}],\"inLanguage\":\"fr-FR\"},{\"@type\":\"ImageObject\",\"@id\":\"https:\/\/salonceline.fr\/?page_id=72#primaryimage\",\"inLanguage\":\"fr-FR\",\"url\":\"http:\/\/salonceline.fr\/wp-content\/uploads\/2020\/10\/RDV-en-ligne.jpg\"},{\"@type\":\"WebPage\",\"@id\":\"https:\/\/salonceline.fr\/?page_id=72#webpage\",\"url\":\"https:\/\/salonceline.fr\/?page_id=72\",\"name\":\"Prendre RDV - Salon C\\u00e9line Fasquelle\",\"isPartOf\":{\"@id\":\"http:\/\/salonceline.fr\/#website\"},\"primaryImageOfPage\":{\"@id\":\"https:\/\/salonceline.fr\/?page_id=72#primaryimage\"},\"datePublished\":\"2020-11-17T09:41:36+00:00\",\"dateModified\":\"2020-11-25T17:42:43+00:00\",\"inLanguage\":\"fr-FR\",\"potentialAction\":[{\"@type\":\"ReadAction\",\"target\":[\"https:\/\/salonceline.fr\/?page_id=72\"]}]}]}<\/script>\n<!-- \/ Yoast SEO plugin. -->","_links":{"self":[{"href":"https:\/\/salonceline.fr\/index.php?rest_route=\/wp\/v2\/pages\/72"}],"collection":[{"href":"https:\/\/salonceline.fr\/index.php?rest_route=\/wp\/v2\/pages"}],"about":[{"href":"https:\/\/salonceline.fr\/index.php?rest_route=\/wp\/v2\/types\/page"}],"author":[{"embeddable":true,"href":"https:\/\/salonceline.fr\/index.php?rest_route=\/wp\/v2\/users\/2"}],"replies":[{"embeddable":true,"href":"https:\/\/salonceline.fr\/index.php?rest_route=%2Fwp%2Fv2%2Fcomments&post=72"}],"version-history":[{"count":8,"href":"https:\/\/salonceline.fr\/index.php?rest_route=\/wp\/v2\/pages\/72\/revisions"}],"predecessor-version":[{"id":243,"href":"https:\/\/salonceline.fr\/index.php?rest_route=\/wp\/v2\/pages\/72\/revisions\/243"}],"wp:attachment":[{"href":"https:\/\/salonceline.fr\/index.php?rest_route=%2Fwp%2Fv2%2Fmedia&parent=72"}],"curies":[{"name":"wp","href":"https:\/\/api.w.org\/{rel}","templated":true}]}}

<p><strong><em><span style="color:#880707" class="has-inline-color">Prendre vos rendez-vous en ligne est désormais possible et très simple !</span></em></strong></p>



<p>Cliquez sur l&rsquo;image ci-dessous :</p>



<div class="wp-block-image"><figure class="aligncenter size-large"><a href="https://app.rdvcoiffure.fr/salonceline/unidentified" target="_blank" rel="noopener noreferrer"><img loading="lazy" width="271" height="186" src="http://salonceline.fr/wp-content/uploads/2020/10/RDV-en-ligne.jpg" alt="RDV en ligne" class="wp-image-39"/></a><figcaption>RDV en ligne</figcaption></figure></div>



<p>Sélectionnez la prestation, le jour, l&rsquo;horaire (et votre coiffeuse préférée si vous le souhaitez), et votre RDV sera validé dès confirmation, que vous recevrez par retour de mail. Un rappel vous sera également envoyé par mail la veille de votre RDV.</p>



<p>En cas de soucis, vous pouvez toujours nous joindre par <strong><span class="has-inline-color has-vivid-red-color">téléphone au 03.21.06.09.92.</span></strong></p>



<p></p>



<div class="wp-block-buttons aligncenter">
<div class="wp-block-button"><a class="wp-block-button__link" href="https://salonceline.fr">Retour Accueil</a></div>
</div>

<p>Prendre vos rendez-vous en ligne est désormais possible et très simple ! Cliquez sur l&rsquo;image ci-dessous : Sélectionnez la prestation, le jour, l&rsquo;horaire (et votre coiffeuse préférée si vous le souhaitez), et votre RDV sera validé dès confirmation, que vous recevrez par retour de mail. Un rappel vous sera également envoyé par mail la veille [&hellip;]</p>

<!-- This site is optimized with the Yoast SEO plugin v15.3 - https://yoast.com/wordpress/plugins/seo/ -->
<title>Prendre RDV - Salon Céline Fasquelle</title>
<meta name="robots" content="index, follow, max-snippet:-1, max-image-preview:large, max-video-preview:-1" />
<link rel="canonical" href="https://salonceline.fr/?page_id=72" />
<meta property="og:locale" content="fr_FR" />
<meta property="og:type" content="article" />
<meta property="og:title" content="Prendre RDV - Salon Céline Fasquelle" />
<meta property="og:description" content="Prendre vos rendez-vous en ligne est désormais possible et très simple ! Cliquez sur l&rsquo;image ci-dessous : Sélectionnez la prestation, le jour, l&rsquo;horaire (et votre coiffeuse préférée si vous le souhaitez), et votre RDV sera validé dès confirmation, que vous recevrez par retour de mail. Un rappel vous sera également envoyé par mail la veille [&hellip;]" />
<meta property="og:url" content="https://salonceline.fr/?page_id=72" />
<meta property="og:site_name" content="Salon Céline Fasquelle" />
<meta property="article:modified_time" content="2020-11-25T17:42:43+00:00" />
<meta property="og:image" content="http://salonceline.fr/wp-content/uploads/2020/10/RDV-en-ligne.jpg" />
<meta name="twitter:card" content="summary_large_image" />
<meta name="twitter:label1" content="Écrit par">
	<meta name="twitter:data1" content="Marion Vandewalle">
	<meta name="twitter:label2" content="Durée de lecture est.">
	<meta name="twitter:data2" content="0 minute">
<script type="application/ld+json" class="yoast-schema-graph">{"@context":"https://schema.org","@graph":[{"@type":"WebSite","@id":"http://salonceline.fr/#website","url":"http://salonceline.fr/","name":"Salon C\u00e9line Fasquelle","description":"VOTRE ARTISAN COIFFEUR / BARBIER A MONTREUIL SUR MER","potentialAction":[{"@type":"SearchAction","target":"http://salonceline.fr/?s={search_term_string}","query-input":"required name=search_term_string"}],"inLanguage":"fr-FR"},{"@type":"ImageObject","@id":"https://salonceline.fr/?page_id=72#primaryimage","inLanguage":"fr-FR","url":"http://salonceline.fr/wp-content/uploads/2020/10/RDV-en-ligne.jpg"},{"@type":"WebPage","@id":"https://salonceline.fr/?page_id=72#webpage","url":"https://salonceline.fr/?page_id=72","name":"Prendre RDV - Salon C\u00e9line Fasquelle","isPartOf":{"@id":"http://salonceline.fr/#website"},"primaryImageOfPage":{"@id":"https://salonceline.fr/?page_id=72#primaryimage"},"datePublished":"2020-11-17T09:41:36+00:00","dateModified":"2020-11-25T17:42:43+00:00","inLanguage":"fr-FR","potentialAction":[{"@type":"ReadAction","target":["https://salonceline.fr/?page_id=72"]}]}]}</script>
<!-- / Yoast SEO plugin. -->
