{"id":11,"date":"2020-10-10T14:16:46","date_gmt":"2020-10-10T12:16:46","guid":{"rendered":"http:\/\/salonceline.fr\/?page_id=11"},"modified":"2020-11-25T18:42:26","modified_gmt":"2020-11-25T17:42:26","slug":"nous-contacter","status":"publish","type":"page","link":"https:\/\/salonceline.fr\/?page_id=11","title":{"rendered":"Nous contacter"},"content":{"rendered":"\n<p><\/p>\n\n\n\n<p class=\"has-text-align-center\"><strong><em><span style=\"color:#8d1818\" class=\"has-inline-color\">Nous sommes joignables par t\u00e9l\u00e9phone au : 03.21.06.09.92<\/span><\/em><\/strong><\/p>\n\n\n\n<p><\/p>\n\n\n\n<p class=\"has-text-align-center\"><strong>Suivez-nous sur notre <a rel=\"noreferrer noopener\" href=\"https:\/\/www.facebook.com\/Salon-celine-1495880813965394\" target=\"_blank\">page facebook<\/a><\/strong><\/p>\n\n\n\n<p><\/p>\n\n\n\n<div class=\"wp-block-image\"><figure class=\"aligncenter size-large is-resized\"><a href=\"https:\/\/app.rdvcoiffure.fr\/salonceline\/unidentified\" target=\"_blank\" rel=\"noopener noreferrer\"><img loading=\"lazy\" src=\"http:\/\/salonceline.fr\/wp-content\/uploads\/2020\/10\/RDV-en-ligne.jpg\" alt=\"RDV en ligne\" class=\"wp-image-39\" width=\"294\" height=\"202\"\/><\/a><figcaption>RDV en ligne &#8211; Salon C\u00e9line Fasquelle<\/figcaption><\/figure><\/div>\n\n\n\n<p><\/p>\n\n\n\n<p><\/p>\n\n\n\n<p><\/p>\n\n\n\n<p><\/p>\n\n\n\n<p><\/p>\n\n\n\n<p><\/p>\n\n\n\n<p>Situ\u00e9 en plein centre de Montreuil, sur la Place du G\u00e9n\u00e9ral de Gaulle, \u00e0 c\u00f4t\u00e9 du th\u00e9\u00e2tre. <\/p>\n\n\n\n<div class=\"wp-block-image is-style-default\"><figure class=\"aligncenter size-large is-resized\"><img loading=\"lazy\" src=\"http:\/\/salonceline.fr\/wp-content\/uploads\/2020\/11\/DSCF4212-1024x768.jpg\" alt=\"Salon C\u00e9line Fasquelle\" class=\"wp-image-162\" width=\"611\" height=\"458\" srcset=\"https:\/\/salonceline.fr\/wp-content\/uploads\/2020\/11\/DSCF4212-1024x768.jpg 1024w, https:\/\/salonceline.fr\/wp-content\/uploads\/2020\/11\/DSCF4212-300x225.jpg 300w, https:\/\/salonceline.fr\/wp-content\/uploads\/2020\/11\/DSCF4212-768x576.jpg 768w, https:\/\/salonceline.fr\/wp-content\/uploads\/2020\/11\/DSCF4212-1536x1152.jpg 1536w, https:\/\/salonceline.fr\/wp-content\/uploads\/2020\/11\/DSCF4212-2048x1536.jpg 2048w\" sizes=\"(max-width: 611px) 100vw, 611px\" \/><figcaption>Salon C\u00e9line Fasquelle &#8211; Coiffeur Montreuil sur mer<\/figcaption><\/figure><\/div>\n\n\n\n<p>Vous pourrez vous garer sur les nombreuses places de parking disponibles sur la Place, et en profiter pour (re)contempler cette cit\u00e9 historique magnifique, sa citadelle, ses rues pittoresques , vous promener sur les remparts, et bien s\u00fbr d\u00e9couvrir ses tr\u00e8s bonnes tables &#8230;<\/p>\n\n\n\n<div class=\"wp-block-image\"><figure class=\"aligncenter size-large is-resized\"><img loading=\"lazy\" src=\"http:\/\/salonceline.fr\/wp-content\/uploads\/2020\/11\/plan-montreuil-pdf-724x1024.jpg\" alt=\"\" class=\"wp-image-172\" width=\"608\" height=\"860\"\/><figcaption>Plan Montreuil sur mer &#8211; Salon C\u00e9line Fasquelle<\/figcaption><\/figure><\/div>\n\n\n\n<div class=\"wp-block-buttons aligncenter\">\n<div class=\"wp-block-button\"><a class=\"wp-block-button__link\" href=\"http:\/\/www.ville-montreuil-sur-mer.fr\/\" target=\"_blank\" rel=\"noreferrer noopener\">Site de la ville de Montreuil sur mer<\/a><\/div>\n<\/div>\n\n\n\n<p><\/p>\n\n\n\n<div class=\"wp-block-buttons aligncenter\">\n<div class=\"wp-block-button\"><a class=\"wp-block-button__link\" href=\"https:\/\/salonceline.fr\">Retour Accueil<\/a><\/div>\n<\/div>\n\n\n\n<p><\/p>\n\n\n\n<p><\/p>\n","protected":false},"excerpt":{"rendered":"<p>Nous sommes joignables par t\u00e9l\u00e9phone au : 03.21.06.09.92 Suivez-nous sur notre page facebook Situ\u00e9 en plein centre de Montreuil, sur la Place du G\u00e9n\u00e9ral de Gaulle, \u00e0 c\u00f4t\u00e9 du th\u00e9\u00e2tre. Vous pourrez vous garer sur les nombreuses places de parking disponibles sur la Place, et en profiter pour (re)contempler cette cit\u00e9 historique magnifique, sa citadelle, [&hellip;]<\/p>\n","protected":false},"author":1,"featured_media":0,"parent":0,"menu_order":0,"comment_status":"closed","ping_status":"closed","template":"","meta":[],"yoast_head":"<!-- This site is optimized with the Yoast SEO plugin v15.3 - https:\/\/yoast.com\/wordpress\/plugins\/seo\/ -->\n<title>Nous contacter - Salon C\u00e9line Fasquelle<\/title>\n<meta name=\"robots\" content=\"index, follow, max-snippet:-1, max-image-preview:large, max-video-preview:-1\" \/>\n<link rel=\"canonical\" href=\"https:\/\/salonceline.fr\/?page_id=11\" \/>\n<meta property=\"og:locale\" content=\"fr_FR\" \/>\n<meta property=\"og:type\" content=\"article\" \/>\n<meta property=\"og:title\" content=\"Nous contacter - Salon C\u00e9line Fasquelle\" \/>\n<meta property=\"og:description\" content=\"Nous sommes joignables par t\u00e9l\u00e9phone au : 03.21.06.09.92 Suivez-nous sur notre page facebook Situ\u00e9 en plein centre de Montreuil, sur la Place du G\u00e9n\u00e9ral de Gaulle, \u00e0 c\u00f4t\u00e9 du th\u00e9\u00e2tre. Vous pourrez vous garer sur les nombreuses places de parking disponibles sur la Place, et en profiter pour (re)contempler cette cit\u00e9 historique magnifique, sa citadelle, [&hellip;]\" \/>\n<meta property=\"og:url\" content=\"https:\/\/salonceline.fr\/?page_id=11\" \/>\n<meta property=\"og:site_name\" content=\"Salon C\u00e9line Fasquelle\" \/>\n<meta property=\"article:modified_time\" content=\"2020-11-25T17:42:26+00:00\" \/>\n<meta property=\"og:image\" content=\"http:\/\/salonceline.fr\/wp-content\/uploads\/2020\/10\/RDV-en-ligne.jpg\" \/>\n<meta name=\"twitter:card\" content=\"summary_large_image\" \/>\n<meta name=\"twitter:label1\" content=\"\u00c9crit par\">\n\t<meta name=\"twitter:data1\" content=\"admin5699\">\n\t<meta name=\"twitter:label2\" content=\"Dur\u00e9e de lecture est.\">\n\t<meta name=\"twitter:data2\" content=\"0 minute\">\n<script type=\"application\/ld+json\" class=\"yoast-schema-graph\">{\"@context\":\"https:\/\/schema.org\",\"@graph\":[{\"@type\":\"WebSite\",\"@id\":\"http:\/\/salonceline.fr\/#website\",\"url\":\"http:\/\/salonceline.fr\/\",\"name\":\"Salon C\\u00e9line Fasquelle\",\"description\":\"VOTRE ARTISAN COIFFEUR \/ BARBIER A MONTREUIL SUR MER\",\"potentialAction\":[{\"@type\":\"SearchAction\",\"target\":\"http:\/\/salonceline.fr\/?s={search_term_string}\",\"query-input\":\"required name=search_term_string\"}],\"inLanguage\":\"fr-FR\"},{\"@type\":\"ImageObject\",\"@id\":\"https:\/\/salonceline.fr\/?page_id=11#primaryimage\",\"inLanguage\":\"fr-FR\",\"url\":\"http:\/\/salonceline.fr\/wp-content\/uploads\/2020\/10\/RDV-en-ligne.jpg\"},{\"@type\":\"WebPage\",\"@id\":\"https:\/\/salonceline.fr\/?page_id=11#webpage\",\"url\":\"https:\/\/salonceline.fr\/?page_id=11\",\"name\":\"Nous contacter - Salon C\\u00e9line Fasquelle\",\"isPartOf\":{\"@id\":\"http:\/\/salonceline.fr\/#website\"},\"primaryImageOfPage\":{\"@id\":\"https:\/\/salonceline.fr\/?page_id=11#primaryimage\"},\"datePublished\":\"2020-10-10T12:16:46+00:00\",\"dateModified\":\"2020-11-25T17:42:26+00:00\",\"inLanguage\":\"fr-FR\",\"potentialAction\":[{\"@type\":\"ReadAction\",\"target\":[\"https:\/\/salonceline.fr\/?page_id=11\"]}]}]}<\/script>\n<!-- \/ Yoast SEO plugin. -->","_links":{"self":[{"href":"https:\/\/salonceline.fr\/index.php?rest_route=\/wp\/v2\/pages\/11"}],"collection":[{"href":"https:\/\/salonceline.fr\/index.php?rest_route=\/wp\/v2\/pages"}],"about":[{"href":"https:\/\/salonceline.fr\/index.php?rest_route=\/wp\/v2\/types\/page"}],"author":[{"embeddable":true,"href":"https:\/\/salonceline.fr\/index.php?rest_route=\/wp\/v2\/users\/1"}],"replies":[{"embeddable":true,"href":"https:\/\/salonceline.fr\/index.php?rest_route=%2Fwp%2Fv2%2Fcomments&post=11"}],"version-history":[{"count":13,"href":"https:\/\/salonceline.fr\/index.php?rest_route=\/wp\/v2\/pages\/11\/revisions"}],"predecessor-version":[{"id":242,"href":"https:\/\/salonceline.fr\/index.php?rest_route=\/wp\/v2\/pages\/11\/revisions\/242"}],"wp:attachment":[{"href":"https:\/\/salonceline.fr\/index.php?rest_route=%2Fwp%2Fv2%2Fmedia&parent=11"}],"curies":[{"name":"wp","href":"https:\/\/api.w.org\/{rel}","templated":true}]}}

<p></p>



<p class="has-text-align-center"><strong><em><span style="color:#8d1818" class="has-inline-color">Nous sommes joignables par téléphone au : 03.21.06.09.92</span></em></strong></p>



<p></p>



<p class="has-text-align-center"><strong>Suivez-nous sur notre <a rel="noreferrer noopener" href="https://www.facebook.com/Salon-celine-1495880813965394" target="_blank">page facebook</a></strong></p>



<p></p>



<div class="wp-block-image"><figure class="aligncenter size-large is-resized"><a href="https://app.rdvcoiffure.fr/salonceline/unidentified" target="_blank" rel="noopener noreferrer"><img loading="lazy" src="http://salonceline.fr/wp-content/uploads/2020/10/RDV-en-ligne.jpg" alt="RDV en ligne" class="wp-image-39" width="294" height="202"/></a><figcaption>RDV en ligne &#8211; Salon Céline Fasquelle</figcaption></figure></div>



<p></p>



<p></p>



<p></p>



<p></p>



<p></p>



<p></p>



<p>Situé en plein centre de Montreuil, sur la Place du Général de Gaulle, à côté du théâtre. </p>



<div class="wp-block-image is-style-default"><figure class="aligncenter size-large is-resized"><img loading="lazy" src="http://salonceline.fr/wp-content/uploads/2020/11/DSCF4212-1024x768.jpg" alt="Salon Céline Fasquelle" class="wp-image-162" width="611" height="458" srcset="https://salonceline.fr/wp-content/uploads/2020/11/DSCF4212-1024x768.jpg 1024w, https://salonceline.fr/wp-content/uploads/2020/11/DSCF4212-300x225.jpg 300w, https://salonceline.fr/wp-content/uploads/2020/11/DSCF4212-768x576.jpg 768w, https://salonceline.fr/wp-content/uploads/2020/11/DSCF4212-1536x1152.jpg 1536w, https://salonceline.fr/wp-content/uploads/2020/11/DSCF4212-2048x1536.jpg 2048w" sizes="(max-width: 611px) 100vw, 611px" /><figcaption>Salon Céline Fasquelle &#8211; Coiffeur Montreuil sur mer</figcaption></figure></div>



<p>Vous pourrez vous garer sur les nombreuses places de parking disponibles sur la Place, et en profiter pour (re)contempler cette cité historique magnifique, sa citadelle, ses rues pittoresques , vous promener sur les remparts, et bien sûr découvrir ses très bonnes tables &#8230;</p>



<div class="wp-block-image"><figure class="aligncenter size-large is-resized"><img loading="lazy" src="http://salonceline.fr/wp-content/uploads/2020/11/plan-montreuil-pdf-724x1024.jpg" alt="" class="wp-image-172" width="608" height="860"/><figcaption>Plan Montreuil sur mer &#8211; Salon Céline Fasquelle</figcaption></figure></div>



<div class="wp-block-buttons aligncenter">
<div class="wp-block-button"><a class="wp-block-button__link" href="http://www.ville-montreuil-sur-mer.fr/" target="_blank" rel="noreferrer noopener">Site de la ville de Montreuil sur mer</a></div>
</div>



<p></p>



<div class="wp-block-buttons aligncenter">
<div class="wp-block-button"><a class="wp-block-button__link" href="https://salonceline.fr">Retour Accueil</a></div>
</div>



<p></p>



<p></p>

<p>Nous sommes joignables par téléphone au : 03.21.06.09.92 Suivez-nous sur notre page facebook Situé en plein centre de Montreuil, sur la Place du Général de Gaulle, à côté du théâtre. Vous pourrez vous garer sur les nombreuses places de parking disponibles sur la Place, et en profiter pour (re)contempler cette cité historique magnifique, sa citadelle, [&hellip;]</p>

<!-- This site is optimized with the Yoast SEO plugin v15.3 - https://yoast.com/wordpress/plugins/seo/ -->
<title>Nous contacter - Salon Céline Fasquelle</title>
<meta name="robots" content="index, follow, max-snippet:-1, max-image-preview:large, max-video-preview:-1" />
<link rel="canonical" href="https://salonceline.fr/?page_id=11" />
<meta property="og:locale" content="fr_FR" />
<meta property="og:type" content="article" />
<meta property="og:title" content="Nous contacter - Salon Céline Fasquelle" />
<meta property="og:description" content="Nous sommes joignables par téléphone au : 03.21.06.09.92 Suivez-nous sur notre page facebook Situé en plein centre de Montreuil, sur la Place du Général de Gaulle, à côté du théâtre. Vous pourrez vous garer sur les nombreuses places de parking disponibles sur la Place, et en profiter pour (re)contempler cette cité historique magnifique, sa citadelle, [&hellip;]" />
<meta property="og:url" content="https://salonceline.fr/?page_id=11" />
<meta property="og:site_name" content="Salon Céline Fasquelle" />
<meta property="article:modified_time" content="2020-11-25T17:42:26+00:00" />
<meta property="og:image" content="http://salonceline.fr/wp-content/uploads/2020/10/RDV-en-ligne.jpg" />
<meta name="twitter:card" content="summary_large_image" />
<meta name="twitter:label1" content="Écrit par">
	<meta name="twitter:data1" content="admin5699">
	<meta name="twitter:label2" content="Durée de lecture est.">
	<meta name="twitter:data2" content="0 minute">
<script type="application/ld+json" class="yoast-schema-graph">{"@context":"https://schema.org","@graph":[{"@type":"WebSite","@id":"http://salonceline.fr/#website","url":"http://salonceline.fr/","name":"Salon C\u00e9line Fasquelle","description":"VOTRE ARTISAN COIFFEUR / BARBIER A MONTREUIL SUR MER","potentialAction":[{"@type":"SearchAction","target":"http://salonceline.fr/?s={search_term_string}","query-input":"required name=search_term_string"}],"inLanguage":"fr-FR"},{"@type":"ImageObject","@id":"https://salonceline.fr/?page_id=11#primaryimage","inLanguage":"fr-FR","url":"http://salonceline.fr/wp-content/uploads/2020/10/RDV-en-ligne.jpg"},{"@type":"WebPage","@id":"https://salonceline.fr/?page_id=11#webpage","url":"https://salonceline.fr/?page_id=11","name":"Nous contacter - Salon C\u00e9line Fasquelle","isPartOf":{"@id":"http://salonceline.fr/#website"},"primaryImageOfPage":{"@id":"https://salonceline.fr/?page_id=11#primaryimage"},"datePublished":"2020-10-10T12:16:46+00:00","dateModified":"2020-11-25T17:42:26+00:00","inLanguage":"fr-FR","potentialAction":[{"@type":"ReadAction","target":["https://salonceline.fr/?page_id=11"]}]}]}</script>
<!-- / Yoast SEO plugin. -->
